{"id":20,"date":"2025-06-25T19:51:19","date_gmt":"2025-06-25T19:51:19","guid":{"rendered":"http:\/\/auto-klimat.com\/?page_id=20"},"modified":"2025-08-31T15:47:47","modified_gmt":"2025-08-31T15:47:47","slug":"serwis-opon","status":"publish","type":"page","link":"https:\/\/auto-klimat.com\/index.php\/serwis-opon\/","title":{"rendered":"Serwis opon"},"content":{"rendered":"\n<div style=\"background-image:url(&apos;https:\/\/auto-klimat.com\/wp-content\/uploads\/2025\/06\/serwis_opon.avif&apos;);background-position:50% 55.00000000000001%;background-size:cover;background-attachment:scroll;\" class=\"wp-block-group alignfull has-global-padding is-layout-constrained wp-container-core-group-is-layout-12243e0f wp-block-group-is-layout-constrained has-background\">\n<div style=\"height:5vh\" aria-hidden=\"true\" class=\"wp-block-spacer\"><\/div>\n\n\n\n<h2 class=\"wp-block-heading has-text-align-center tekst-z-obwodka\"><strong>SERWIS OPON<\/strong><\/h2>\n\n\n\n<div style=\"height:5vw\" aria-hidden=\"true\" class=\"wp-block-spacer\"><\/div>\n<\/div>\n\n\n\n<div class=\"wp-block-group is-vertical is-content-justification-center is-layout-flex wp-container-core-group-is-layout-b6c1f246 wp-block-group-is-layout-flex\">\n<h3 class=\"wp-block-heading has-text-align-center\">Nasze us\u0142ugi<\/h3>\n<\/div>\n\n\n\n<p>\u2013 wymiana opon w samochodach osobowych<\/p>\n\n\n\n<p>\u2013 wymiana opon typu RUN FLAT, XL, PAX<\/p>\n\n\n\n<p>\u2013 naprawa i wulkanizacja opon<\/p>\n\n\n\n<p>\u2013 uszczelnianie rant\u00f3w felg<\/p>\n\n\n\n<p>\u2013 przechowalnia opon&nbsp;<\/p>\n\n\n\n<p>\u2013 wywa\u017canie komputerowe z funkcja optymalizacja ci\u0119\u017cark\u00f3w<\/p>\n\n\n\n<p>\u2013 wywa\u017canie komputerowe z funkcja ukryty ciezarek&nbsp;<\/p>\n\n\n\n<p>\u2013 zabezpieczanie piast przed zapiekaniem&nbsp;<\/p>\n\n\n\n<p>\u2013 wymiana zawork\u00f3w&nbsp;<\/p>\n\n\n\n<p>\u2013 pompowanie k\u00f3\u0142 azotem<\/p>\n","protected":false},"excerpt":{"rendered":"<p>SERWIS OPON Nasze us\u0142ugi \u2013 wymiana opon w samochodach osobowych \u2013 wymiana opon typu RUN FLAT, XL, PAX \u2013 naprawa i wulkanizacja opon \u2013 uszczelnianie rant\u00f3w felg \u2013 przechowalnia opon&nbsp; \u2013 wywa\u017canie komputerowe z funkcja optymalizacja ci\u0119\u017cark\u00f3w \u2013 wywa\u017canie komputerowe z funkcja ukryty ciezarek&nbsp; \u2013 zabezpieczanie piast przed zapiekaniem&nbsp; \u2013 wymiana zawork\u00f3w&nbsp; \u2013 pompowanie k\u00f3\u0142 [&hellip;]<\/p>\n","protected":false},"author":1,"featured_media":0,"parent":0,"menu_order":0,"comment_status":"closed","ping_status":"closed","template":"","meta":{"footnotes":""},"class_list":["post-20","page","type-page","status-publish","hentry"],"yoast_head":"<!-- This site is optimized with the Yoast SEO plugin v25.3.1 - https:\/\/yoast.com\/wordpress\/plugins\/seo\/ -->\n<title>Serwis opon - Auto Klimat<\/title>\n<meta name=\"robots\" content=\"index, follow, max-snippet:-1, max-image-preview:large, max-video-preview:-1\" \/>\n<link rel=\"canonical\" href=\"https:\/\/auto-klimat.com\/index.php\/serwis-opon\/\" \/>\n<meta property=\"og:locale\" content=\"pl_PL\" \/>\n<meta property=\"og:type\" content=\"article\" \/>\n<meta property=\"og:title\" content=\"Serwis opon - Auto Klimat\" \/>\n<meta property=\"og:description\" content=\"SERWIS OPON Nasze us\u0142ugi \u2013 wymiana opon w samochodach osobowych \u2013 wymiana opon typu RUN FLAT, XL, PAX \u2013 naprawa i wulkanizacja opon \u2013 uszczelnianie rant\u00f3w felg \u2013 przechowalnia opon&nbsp; \u2013 wywa\u017canie komputerowe z funkcja optymalizacja ci\u0119\u017cark\u00f3w \u2013 wywa\u017canie komputerowe z funkcja ukryty ciezarek&nbsp; \u2013 zabezpieczanie piast przed zapiekaniem&nbsp; \u2013 wymiana zawork\u00f3w&nbsp; \u2013 pompowanie k\u00f3\u0142 [&hellip;]\" \/>\n<meta property=\"og:url\" content=\"https:\/\/auto-klimat.com\/index.php\/serwis-opon\/\" \/>\n<meta property=\"og:site_name\" content=\"Auto Klimat\" \/>\n<meta property=\"article:modified_time\" content=\"2025-08-31T15:47:47+00:00\" \/>\n<meta name=\"twitter:card\" content=\"summary_large_image\" \/>\n<script type=\"application\/ld+json\" class=\"yoast-schema-graph\">{\"@context\":\"https:\/\/schema.org\",\"@graph\":[{\"@type\":\"WebPage\",\"@id\":\"https:\/\/auto-klimat.com\/index.php\/serwis-opon\/\",\"url\":\"https:\/\/auto-klimat.com\/index.php\/serwis-opon\/\",\"name\":\"Serwis opon - Auto Klimat\",\"isPartOf\":{\"@id\":\"https:\/\/auto-klimat.com\/#website\"},\"datePublished\":\"2025-06-25T19:51:19+00:00\",\"dateModified\":\"2025-08-31T15:47:47+00:00\",\"breadcrumb\":{\"@id\":\"https:\/\/auto-klimat.com\/index.php\/serwis-opon\/#breadcrumb\"},\"inLanguage\":\"pl-PL\",\"potentialAction\":[{\"@type\":\"ReadAction\",\"target\":[\"https:\/\/auto-klimat.com\/index.php\/serwis-opon\/\"]}]},{\"@type\":\"BreadcrumbList\",\"@id\":\"https:\/\/auto-klimat.com\/index.php\/serwis-opon\/#breadcrumb\",\"itemListElement\":[{\"@type\":\"ListItem\",\"position\":1,\"name\":\"Strona g\u0142\u00f3wna\",\"item\":\"https:\/\/auto-klimat.com\/\"},{\"@type\":\"ListItem\",\"position\":2,\"name\":\"Serwis opon\"}]},{\"@type\":\"WebSite\",\"@id\":\"https:\/\/auto-klimat.com\/#website\",\"url\":\"https:\/\/auto-klimat.com\/\",\"name\":\"Auto Klimat\",\"description\":\"Serwis klimatyzacji, auto klimatyzacja, auto klima, serwis ogumienia, Katowice, Bogucice\",\"publisher\":{\"@id\":\"https:\/\/auto-klimat.com\/#organization\"},\"potentialAction\":[{\"@type\":\"SearchAction\",\"target\":{\"@type\":\"EntryPoint\",\"urlTemplate\":\"https:\/\/auto-klimat.com\/?s={search_term_string}\"},\"query-input\":{\"@type\":\"PropertyValueSpecification\",\"valueRequired\":true,\"valueName\":\"search_term_string\"}}],\"inLanguage\":\"pl-PL\"},{\"@type\":\"Organization\",\"@id\":\"https:\/\/auto-klimat.com\/#organization\",\"name\":\"Auto Klimat\",\"url\":\"https:\/\/auto-klimat.com\/\",\"logo\":{\"@type\":\"ImageObject\",\"inLanguage\":\"pl-PL\",\"@id\":\"https:\/\/auto-klimat.com\/#\/schema\/logo\/image\/\",\"url\":\"https:\/\/auto-klimat.com\/wp-content\/uploads\/2025\/06\/logo-autoklimat-Photoroom.png\",\"contentUrl\":\"https:\/\/auto-klimat.com\/wp-content\/uploads\/2025\/06\/logo-autoklimat-Photoroom.png\",\"width\":840,\"height\":249,\"caption\":\"Auto Klimat\"},\"image\":{\"@id\":\"https:\/\/auto-klimat.com\/#\/schema\/logo\/image\/\"}}]}<\/script>\n<!-- \/ Yoast SEO plugin. -->","yoast_head_json":{"title":"Serwis opon - Auto Klimat","robots":{"index":"index","follow":"follow","max-snippet":"max-snippet:-1","max-image-preview":"max-image-preview:large","max-video-preview":"max-video-preview:-1"},"canonical":"https:\/\/auto-klimat.com\/index.php\/serwis-opon\/","og_locale":"pl_PL","og_type":"article","og_title":"Serwis opon - Auto Klimat","og_description":"SERWIS OPON Nasze us\u0142ugi \u2013 wymiana opon w samochodach osobowych \u2013 wymiana opon typu RUN FLAT, XL, PAX \u2013 naprawa i wulkanizacja opon \u2013 uszczelnianie rant\u00f3w felg \u2013 przechowalnia opon&nbsp; \u2013 wywa\u017canie komputerowe z funkcja optymalizacja ci\u0119\u017cark\u00f3w \u2013 wywa\u017canie komputerowe z funkcja ukryty ciezarek&nbsp; \u2013 zabezpieczanie piast przed zapiekaniem&nbsp; \u2013 wymiana zawork\u00f3w&nbsp; \u2013 pompowanie k\u00f3\u0142 [&hellip;]","og_url":"https:\/\/auto-klimat.com\/index.php\/serwis-opon\/","og_site_name":"Auto Klimat","article_modified_time":"2025-08-31T15:47:47+00:00","twitter_card":"summary_large_image","schema":{"@context":"https:\/\/schema.org","@graph":[{"@type":"WebPage","@id":"https:\/\/auto-klimat.com\/index.php\/serwis-opon\/","url":"https:\/\/auto-klimat.com\/index.php\/serwis-opon\/","name":"Serwis opon - Auto Klimat","isPartOf":{"@id":"https:\/\/auto-klimat.com\/#website"},"datePublished":"2025-06-25T19:51:19+00:00","dateModified":"2025-08-31T15:47:47+00:00","breadcrumb":{"@id":"https:\/\/auto-klimat.com\/index.php\/serwis-opon\/#breadcrumb"},"inLanguage":"pl-PL","potentialAction":[{"@type":"ReadAction","target":["https:\/\/auto-klimat.com\/index.php\/serwis-opon\/"]}]},{"@type":"BreadcrumbList","@id":"https:\/\/auto-klimat.com\/index.php\/serwis-opon\/#breadcrumb","itemListElement":[{"@type":"ListItem","position":1,"name":"Strona g\u0142\u00f3wna","item":"https:\/\/auto-klimat.com\/"},{"@type":"ListItem","position":2,"name":"Serwis opon"}]},{"@type":"WebSite","@id":"https:\/\/auto-klimat.com\/#website","url":"https:\/\/auto-klimat.com\/","name":"Auto Klimat","description":"Serwis klimatyzacji, auto klimatyzacja, auto klima, serwis ogumienia, Katowice, Bogucice","publisher":{"@id":"https:\/\/auto-klimat.com\/#organization"},"potentialAction":[{"@type":"SearchAction","target":{"@type":"EntryPoint","urlTemplate":"https:\/\/auto-klimat.com\/?s={search_term_string}"},"query-input":{"@type":"PropertyValueSpecification","valueRequired":true,"valueName":"search_term_string"}}],"inLanguage":"pl-PL"},{"@type":"Organization","@id":"https:\/\/auto-klimat.com\/#organization","name":"Auto Klimat","url":"https:\/\/auto-klimat.com\/","logo":{"@type":"ImageObject","inLanguage":"pl-PL","@id":"https:\/\/auto-klimat.com\/#\/schema\/logo\/image\/","url":"https:\/\/auto-klimat.com\/wp-content\/uploads\/2025\/06\/logo-autoklimat-Photoroom.png","contentUrl":"https:\/\/auto-klimat.com\/wp-content\/uploads\/2025\/06\/logo-autoklimat-Photoroom.png","width":840,"height":249,"caption":"Auto Klimat"},"image":{"@id":"https:\/\/auto-klimat.com\/#\/schema\/logo\/image\/"}}]}},"_links":{"self":[{"href":"https:\/\/auto-klimat.com\/index.php\/wp-json\/wp\/v2\/pages\/20","targetHints":{"allow":["GET"]}}],"collection":[{"href":"https:\/\/auto-klimat.com\/index.php\/wp-json\/wp\/v2\/pages"}],"about":[{"href":"https:\/\/auto-klimat.com\/index.php\/wp-json\/wp\/v2\/types\/page"}],"author":[{"embeddable":true,"href":"https:\/\/auto-klimat.com\/index.php\/wp-json\/wp\/v2\/users\/1"}],"replies":[{"embeddable":true,"href":"https:\/\/auto-klimat.com\/index.php\/wp-json\/wp\/v2\/comments?post=20"}],"version-history":[{"count":6,"href":"https:\/\/auto-klimat.com\/index.php\/wp-json\/wp\/v2\/pages\/20\/revisions"}],"predecessor-version":[{"id":78,"href":"https:\/\/auto-klimat.com\/index.php\/wp-json\/wp\/v2\/pages\/20\/revisions\/78"}],"wp:attachment":[{"href":"https:\/\/auto-klimat.com\/index.php\/wp-json\/wp\/v2\/media?parent=20"}],"curies":[{"name":"wp","href":"https:\/\/api.w.org\/{rel}","templated":true}]}}